{"id":483,"date":"2022-02-01T09:46:51","date_gmt":"2022-02-01T09:46:51","guid":{"rendered":"http:\/\/vtc-limousine-2022.pymac.loc\/?page_id=483"},"modified":"2024-01-13T10:22:56","modified_gmt":"2024-01-13T10:22:56","slug":"clase-edriver-limusina","status":"publish","type":"page","link":"https:\/\/www.vtc-limousine.fr\/es\/clase-edriver-limusina\/","title":{"rendered":"Clase eDriver Limusina | Provence &amp; French Riviera"},"content":{"rendered":"<div data-elementor-type=\"wp-page\" data-elementor-id=\"483\" class=\"elementor elementor-483\" data-elementor-post-type=\"page\">\n\t\t\t\t\t\t<section class=\"elementor-section elementor-top-section elementor-element elementor-element-a292690 elementor-section-full_width elementor-section-height-min-height elementor-section-height-default elementor-section-items-middle\" data-id=\"a292690\" data-element_type=\"section\" data-e-type=\"section\" data-settings=\"{&quot;background_background&quot;:&quot;classic&quot;}\">\n\t\t\t\t\t\t\t<div class=\"elementor-background-overlay\"><\/div>\n\t\t\t\t\t\t\t<div class=\"elementor-container elementor-column-gap-default\">\n\t\t\t\t\t<div class=\"elementor-column elementor-col-100 elementor-top-column elementor-element elementor-element-d8d2961\" data-id=\"d8d2961\" data-element_type=\"column\" data-e-type=\"column\">\n\t\t\t<div class=\"elementor-widget-wrap\">\n\t\t\t\t\t\t\t<\/div>\n\t\t<\/div>\n\t\t\t\t\t<\/div>\n\t\t<\/section>\n\t\t\t\t<section class=\"elementor-section elementor-top-section elementor-element elementor-element-ca9cee0 elementor-section-boxed elementor-section-height-default elementor-section-height-default\" data-id=\"ca9cee0\" data-element_type=\"section\" data-e-type=\"section\">\n\t\t\t\t\t\t<div class=\"elementor-container elementor-column-gap-default\">\n\t\t\t\t\t<div class=\"elementor-column elementor-col-100 elementor-top-column elementor-element elementor-element-7b30266\" data-id=\"7b30266\" data-element_type=\"column\" data-e-type=\"column\">\n\t\t\t<div class=\"elementor-widget-wrap elementor-element-populated\">\n\t\t\t\t\t\t<div class=\"elementor-element elementor-element-c4f1174 elementor-widget elementor-widget-shortcode\" data-id=\"c4f1174\" data-element_type=\"widget\" data-e-type=\"widget\" data-widget_type=\"shortcode.default\">\n\t\t\t\t<div class=\"elementor-widget-container\">\n\t\t\t\t\t\t\t<div class=\"elementor-shortcode\"><nav aria-label=\"pan rallado\">\n            <div class=\"breadcrumb-container theme1\">\n                <ol>\n                                    <\/ol>\n            <\/div>\n        <\/nav>    <script type=\"application\/ld+json\">\n        {\n            \"@context\": \"http:\/\/schema.org\",\n            \"@type\": \"BreadcrumbList\",\n            \"itemListElement\": [\n                            ]\n        }\n    <\/script>\n   \n    <script>\n            <\/script>\n<\/div>\n\t\t\t\t\t\t<\/div>\n\t\t\t\t<\/div>\n\t\t\t\t<div class=\"elementor-element elementor-element-2f47a9a elementor-widget elementor-widget-heading\" data-id=\"2f47a9a\" data-element_type=\"widget\" data-e-type=\"widget\" data-widget_type=\"heading.default\">\n\t\t\t\t<div class=\"elementor-widget-container\">\n\t\t\t\t\t<h1 class=\"elementor-heading-title elementor-size-default\">Clase eDriver Limusina | Provence &amp; French Riviera<\/h1>\t\t\t\t<\/div>\n\t\t\t\t<\/div>\n\t\t\t\t<div class=\"elementor-element elementor-element-c0bccfb elementor-widget elementor-widget-heading\" data-id=\"c0bccfb\" data-element_type=\"widget\" data-e-type=\"widget\" data-widget_type=\"heading.default\">\n\t\t\t\t<div class=\"elementor-widget-container\">\n\t\t\t\t\t<h2 class=\"elementor-heading-title elementor-size-default\">Coche con conductor privado - Clase eDriver Limusina Marsella, Aix en Provence y Costa Azul<\/h2>\t\t\t\t<\/div>\n\t\t\t\t<\/div>\n\t\t\t\t\t<\/div>\n\t\t<\/div>\n\t\t\t\t\t<\/div>\n\t\t<\/section>\n\t\t\t\t<section class=\"elementor-section elementor-top-section elementor-element elementor-element-c6d3291 elementor-section-full_width elementor-section-content-middle elementor-section-height-default elementor-section-height-default\" data-id=\"c6d3291\" data-element_type=\"section\" data-e-type=\"section\">\n\t\t\t\t\t\t<div class=\"elementor-container elementor-column-gap-no\">\n\t\t\t\t\t<div class=\"elementor-column elementor-col-50 elementor-top-column elementor-element elementor-element-2ecbf35e\" data-id=\"2ecbf35e\" data-element_type=\"column\" data-e-type=\"column\" data-settings=\"{&quot;background_background&quot;:&quot;classic&quot;}\">\n\t\t\t<div class=\"elementor-widget-wrap\">\n\t\t\t\t\t<div class=\"elementor-background-overlay\"><\/div>\n\t\t\t\t\t\t\t<\/div>\n\t\t<\/div>\n\t\t\t\t<div class=\"elementor-column elementor-col-50 elementor-top-column elementor-element elementor-element-44d0b015\" data-id=\"44d0b015\" data-element_type=\"column\" data-e-type=\"column\">\n\t\t\t<div class=\"elementor-widget-wrap elementor-element-populated\">\n\t\t\t\t\t\t<div class=\"elementor-element elementor-element-20e63d9e elementor-widget elementor-widget-text-editor\" data-id=\"20e63d9e\" data-element_type=\"widget\" data-e-type=\"widget\" data-widget_type=\"text-editor.default\">\n\t\t\t\t<div class=\"elementor-widget-container\">\n\t\t\t\t\t\t\t\t\t<p class=\"p1\"><b>Class eDriver Limousine es un servicio premium de alquiler de coches con ch\u00f3fer,\u00a0<\/b>situada en el coraz\u00f3n de la Provenza y en la Costa Azul.<\/p><p>Nuestros servicios est\u00e1n disponibles en los siguientes sectores:<\/p><p><a href=\"https:\/\/www.vtc-limousine.fr\/es\/chofer-privado\/chofer-privado-paca\/chofer-privado-aix-en-provence\/\">Aix en Provence<\/a><br \/><a href=\"https:\/\/www.vtc-limousine.fr\/es\/chofer-privado\/chofer-privado-paca\/chofer-privado-avignon\/\">Avignon<\/a><br \/><a href=\"https:\/\/www.vtc-limousine.fr\/es\/chofer-privado\/chofer-privado-paca\/chofer-privado-marsella\/\">Marsella<\/a><br \/><a href=\"https:\/\/www.vtc-limousine.fr\/es\/chofer-privado\/chofer-privado-paca\/circuito-chofer-privado-paul-ricard\/\">Circuito Paul Ricard<\/a><br \/><a href=\"https:\/\/www.vtc-limousine.fr\/es\/chofer-privado\/location-chauffeur-prive-region-paca\/alquiler-de-coches-con-conductor-saint-tropez\/\">San Tropez<\/a><br \/><a href=\"https:\/\/www.vtc-limousine.fr\/es\/chofer-privado\/chofer-privado-paca\/chofer-privado-cannes\/\">Cannes<\/a><br \/><a href=\"https:\/\/www.vtc-limousine.fr\/es\/vtc-traslado-privado\/chofer-privado-monaco\/\">M\u00f3naco<\/a><br \/><a href=\"https:\/\/www.vtc-limousine.fr\/es\/chofer-privado\/chofer-privado-paca\/chofer-privado-lyon\/\" target=\"_blank\" rel=\"noopener\">Lyon<\/a><br \/><a href=\"https:\/\/www.vtc-limousine.fr\/es\/chofer-privado\/chofer-privado-paca\/chofer-privado-paris\/\" target=\"_blank\" rel=\"noopener\">Par\u00eds\u00a0<\/a><\/p><p class=\"p1\">Nuestros Ch\u00f3feres Privados biling\u00fces le acompa\u00f1ar\u00e1n en todos sus viajes de negocios, eventos o viajes privados.<\/p><p>Podemos proporcionarle coches privados con ch\u00f3fer de los siguientes tipos <a href=\"https:\/\/www.vtc-limousine.fr\/es\/nuestros-vehiculos\/\" target=\"_blank\" rel=\"noopener\">Berlina, Mini-Van y Mini-Car de 1 a 29 Pax.<\/a> Tesla Model S \ud83c\udf43 Mercedes Clase E,S,V y el nuevo Mercedes EQS \ud83c\udf43 Limusina el\u00e9ctrica 100%<\/p><p>Respondemos a sus peticiones con experiencia, capacidad de respuesta, fiabilidad y discreci\u00f3n. <br \/>S\u00f3lo ofrecemos servicios a medida para clientes exigentes.<\/p><p>Tanto si se trata de un evento con varios veh\u00edculos como de un simple traslado, se beneficiar\u00e1 de un servicio de primera calidad desde la solicitud de presupuesto hasta la ejecuci\u00f3n del servicio o servicios solicitados.<br \/>Class eDriver limousine es una empresa de alquiler de coches con ch\u00f3fer autorizada por el Estado.<br \/>Estamos deseando llevarle\u00a0<\/p><p>Valerie &amp; <a href=\"https:\/\/fr.linkedin.com\/in\/christiansaal\/en\" target=\"_blank\" rel=\"noopener\">Christian Saal\u00a0<\/a><\/p>\t\t\t\t\t\t\t\t<\/div>\n\t\t\t\t<\/div>\n\t\t\t\t\t<\/div>\n\t\t<\/div>\n\t\t\t\t\t<\/div>\n\t\t<\/section>\n\t\t\t\t<section class=\"elementor-section elementor-top-section elementor-element elementor-element-e6656ee elementor-section-height-min-height elementor-section-boxed elementor-section-height-default elementor-section-items-middle\" data-id=\"e6656ee\" data-element_type=\"section\" data-e-type=\"section\" data-settings=\"{&quot;background_background&quot;:&quot;classic&quot;}\">\n\t\t\t\t\t\t<div class=\"elementor-container elementor-column-gap-default\">\n\t\t\t\t\t<div class=\"elementor-column elementor-col-100 elementor-top-column elementor-element elementor-element-0ea36d3\" data-id=\"0ea36d3\" data-element_type=\"column\" data-e-type=\"column\">\n\t\t\t<div class=\"elementor-widget-wrap\">\n\t\t\t\t\t\t\t<\/div>\n\t\t<\/div>\n\t\t\t\t\t<\/div>\n\t\t<\/section>\n\t\t\t\t<\/div>","protected":false},"excerpt":{"rendered":"<p>Coche con ch\u00f3fer privado - Class eDriver Limousine Marsella, Aix en Provence y Costa Azul Class eDriver Limousine es un servicio premium de alquiler de coches con ch\u00f3fer privado, situado en el coraz\u00f3n de la Provenza y en la Costa Azul francesa. Nuestros servicios est\u00e1n disponibles en las siguientes zonas: Aix en ProvenceAvignonMarsellaCircuito Paul RicardSt [...]<\/p>","protected":false},"author":1,"featured_media":20497,"parent":0,"menu_order":0,"comment_status":"closed","ping_status":"closed","template":"","meta":{"footnotes":""},"class_list":["post-483","page","type-page","status-publish","has-post-thumbnail","hentry"],"_links":{"self":[{"href":"https:\/\/www.vtc-limousine.fr\/es\/wp-json\/wp\/v2\/pages\/483","targetHints":{"allow":["GET"]}}],"collection":[{"href":"https:\/\/www.vtc-limousine.fr\/es\/wp-json\/wp\/v2\/pages"}],"about":[{"href":"https:\/\/www.vtc-limousine.fr\/es\/wp-json\/wp\/v2\/types\/page"}],"author":[{"embeddable":true,"href":"https:\/\/www.vtc-limousine.fr\/es\/wp-json\/wp\/v2\/users\/1"}],"replies":[{"embeddable":true,"href":"https:\/\/www.vtc-limousine.fr\/es\/wp-json\/wp\/v2\/comments?post=483"}],"version-history":[{"count":118,"href":"https:\/\/www.vtc-limousine.fr\/es\/wp-json\/wp\/v2\/pages\/483\/revisions"}],"predecessor-version":[{"id":20687,"href":"https:\/\/www.vtc-limousine.fr\/es\/wp-json\/wp\/v2\/pages\/483\/revisions\/20687"}],"wp:featuredmedia":[{"embeddable":true,"href":"https:\/\/www.vtc-limousine.fr\/es\/wp-json\/wp\/v2\/media\/20497"}],"wp:attachment":[{"href":"https:\/\/www.vtc-limousine.fr\/es\/wp-json\/wp\/v2\/media?parent=483"}],"curies":[{"name":"wp","href":"https:\/\/api.w.org\/{rel}","templated":true}]}}

<div data-elementor-type="wp-page" data-elementor-id="483" class="elementor elementor-483" data-elementor-post-type="page">
						<section class="elementor-section elementor-top-section elementor-element elementor-element-a292690 elementor-section-full_width elementor-section-height-min-height elementor-section-height-default elementor-section-items-middle" data-id="a292690" data-element_type="section" data-e-type="section" data-settings="{&quot;background_background&quot;:&quot;classic&quot;}">
							<div class="elementor-background-overlay"></div>
							<div class="elementor-container elementor-column-gap-default">
					<div class="elementor-column elementor-col-100 elementor-top-column elementor-element elementor-element-d8d2961" data-id="d8d2961" data-element_type="column" data-e-type="column">
			<div class="elementor-widget-wrap">
							</div>
		</div>
					</div>
		</section>
				<section class="elementor-section elementor-top-section elementor-element elementor-element-ca9cee0 elementor-section-boxed elementor-section-height-default elementor-section-height-default" data-id="ca9cee0" data-element_type="section" data-e-type="section">
						<div class="elementor-container elementor-column-gap-default">
					<div class="elementor-column elementor-col-100 elementor-top-column elementor-element elementor-element-7b30266" data-id="7b30266" data-element_type="column" data-e-type="column">
			<div class="elementor-widget-wrap elementor-element-populated">
						<div class="elementor-element elementor-element-c4f1174 elementor-widget elementor-widget-shortcode" data-id="c4f1174" data-element_type="widget" data-e-type="widget" data-widget_type="shortcode.default">
				<div class="elementor-widget-container">
							<div class="elementor-shortcode"><nav aria-label="pan rallado">
            <div class="breadcrumb-container theme1">
                <ol>
                                    </ol>
            </div>
        </nav>    <script type="application/ld+json">
        {
            "@context": "http://schema.org",
            "@type": "BreadcrumbList",
            "itemListElement": [
                            ]
        }
    </script>
   
    <script>
            </script>
</div>
						</div>
				</div>
				<div class="elementor-element elementor-element-2f47a9a elementor-widget elementor-widget-heading" data-id="2f47a9a" data-element_type="widget" data-e-type="widget" data-widget_type="heading.default">
				<div class="elementor-widget-container">
					<h1 class="elementor-heading-title elementor-size-default">Clase eDriver Limusina | Provence &amp; French Riviera</h1>				</div>
				</div>
				<div class="elementor-element elementor-element-c0bccfb elementor-widget elementor-widget-heading" data-id="c0bccfb" data-element_type="widget" data-e-type="widget" data-widget_type="heading.default">
				<div class="elementor-widget-container">
					<h2 class="elementor-heading-title elementor-size-default">Coche con conductor privado - Clase eDriver Limusina Marsella, Aix en Provence y Costa Azul</h2>				</div>
				</div>
					</div>
		</div>
					</div>
		</section>
				<section class="elementor-section elementor-top-section elementor-element elementor-element-c6d3291 elementor-section-full_width elementor-section-content-middle elementor-section-height-default elementor-section-height-default" data-id="c6d3291" data-element_type="section" data-e-type="section">
						<div class="elementor-container elementor-column-gap-no">
					<div class="elementor-column elementor-col-50 elementor-top-column elementor-element elementor-element-2ecbf35e" data-id="2ecbf35e" data-element_type="column" data-e-type="column" data-settings="{&quot;background_background&quot;:&quot;classic&quot;}">
			<div class="elementor-widget-wrap">
					<div class="elementor-background-overlay"></div>
							</div>
		</div>
				<div class="elementor-column elementor-col-50 elementor-top-column elementor-element elementor-element-44d0b015" data-id="44d0b015" data-element_type="column" data-e-type="column">
			<div class="elementor-widget-wrap elementor-element-populated">
						<div class="elementor-element elementor-element-20e63d9e elementor-widget elementor-widget-text-editor" data-id="20e63d9e" data-element_type="widget" data-e-type="widget" data-widget_type="text-editor.default">
				<div class="elementor-widget-container">
									<p class="p1"><b>Class eDriver Limousine es un servicio premium de alquiler de coches con chófer, </b>situada en el corazón de la Provenza y en la Costa Azul.</p><p>Nuestros servicios están disponibles en los siguientes sectores:</p><p><a href="https://www.vtc-limousine.fr/es/chofer-privado/chofer-privado-paca/chofer-privado-aix-en-provence/">Aix en Provence</a><br /><a href="https://www.vtc-limousine.fr/es/chofer-privado/chofer-privado-paca/chofer-privado-avignon/">Avignon</a><br /><a href="https://www.vtc-limousine.fr/es/chofer-privado/chofer-privado-paca/chofer-privado-marsella/">Marsella</a><br /><a href="https://www.vtc-limousine.fr/es/chofer-privado/chofer-privado-paca/circuito-chofer-privado-paul-ricard/">Circuito Paul Ricard</a><br /><a href="https://www.vtc-limousine.fr/es/chofer-privado/location-chauffeur-prive-region-paca/alquiler-de-coches-con-conductor-saint-tropez/">San Tropez</a><br /><a href="https://www.vtc-limousine.fr/es/chofer-privado/chofer-privado-paca/chofer-privado-cannes/">Cannes</a><br /><a href="https://www.vtc-limousine.fr/es/vtc-traslado-privado/chofer-privado-monaco/">Mónaco</a><br /><a href="https://www.vtc-limousine.fr/es/chofer-privado/chofer-privado-paca/chofer-privado-lyon/" target="_blank" rel="noopener">Lyon</a><br /><a href="https://www.vtc-limousine.fr/es/chofer-privado/chofer-privado-paca/chofer-privado-paris/" target="_blank" rel="noopener">París </a></p><p class="p1">Nuestros Chóferes Privados bilingües le acompañarán en todos sus viajes de negocios, eventos o viajes privados.</p><p>Podemos proporcionarle coches privados con chófer de los siguientes tipos <a href="https://www.vtc-limousine.fr/es/nuestros-vehiculos/" target="_blank" rel="noopener">Berlina, Mini-Van y Mini-Car de 1 a 29 Pax.</a> Tesla Model S 🍃 Mercedes Clase E,S,V y el nuevo Mercedes EQS 🍃 Limusina eléctrica 100%</p><p>Respondemos a sus peticiones con experiencia, capacidad de respuesta, fiabilidad y discreción. <br />Sólo ofrecemos servicios a medida para clientes exigentes.</p><p>Tanto si se trata de un evento con varios vehículos como de un simple traslado, se beneficiará de un servicio de primera calidad desde la solicitud de presupuesto hasta la ejecución del servicio o servicios solicitados.<br />Class eDriver limousine es una empresa de alquiler de coches con chófer autorizada por el Estado.<br />Estamos deseando llevarle </p><p>Valerie &amp; <a href="https://fr.linkedin.com/in/christiansaal/en" target="_blank" rel="noopener">Christian Saal </a></p>								</div>
				</div>
					</div>
		</div>
					</div>
		</section>
				<section class="elementor-section elementor-top-section elementor-element elementor-element-e6656ee elementor-section-height-min-height elementor-section-boxed elementor-section-height-default elementor-section-items-middle" data-id="e6656ee" data-element_type="section" data-e-type="section" data-settings="{&quot;background_background&quot;:&quot;classic&quot;}">
						<div class="elementor-container elementor-column-gap-default">
					<div class="elementor-column elementor-col-100 elementor-top-column elementor-element elementor-element-0ea36d3" data-id="0ea36d3" data-element_type="column" data-e-type="column">
			<div class="elementor-widget-wrap">
							</div>
		</div>
					</div>
		</section>
				</div>

<p>Coche con chófer privado - Class eDriver Limousine Marsella, Aix en Provence y Costa Azul Class eDriver Limousine es un servicio premium de alquiler de coches con chófer privado, situado en el corazón de la Provenza y en la Costa Azul francesa. Nuestros servicios están disponibles en las siguientes zonas: Aix en ProvenceAvignonMarsellaCircuito Paul RicardSt [...]</p>
